{"id":14,"date":"2014-12-31T20:20:56","date_gmt":"2014-12-31T20:20:56","guid":{"rendered":"http:\/\/milleniumconsult.net\/?page_id=14"},"modified":"2015-01-06T17:55:23","modified_gmt":"2015-01-06T17:55:23","slug":"accueil","status":"publish","type":"page","link":"https:\/\/milleniumconsult.net\/","title":{"rendered":"Accueil"},"content":{"rendered":"<div class=\"art-content-layout layout-item-0\">\n<div class=\"art-content-layout-row\">\n<div class=\"art-layout-cell layout-item-1\" style=\"width: 33%;\">\n<div class=\"image-caption-wrapper\" style=\"width: 264px;\"><span style=\"color: #24b6ff; font-size: 18px; font-weight: bold; letter-spacing: 2px;\">Missions<\/span><\/div>\n\n<p>Nous vous apportons notre savoir-faire dans le d\u00e9veloppement et la s\u00e9curisation de vos entreprises.<\/p>\n<p><a class=\"art-button\" href=\"#\">En savoir plus<\/a><\/p>\n<\/div>\n<div class=\"art-layout-cell layout-item-1\" style=\"width: 34%;\">\n<h4>Solutions<\/h4>\n\n<p>Nous identifions les solutions techniques et technologiques pratiques qui facilitent la gestion de votre entreprise.<\/p>\n<p><a class=\"art-button\" href=\"#\">En savoir plus<\/a><\/p>\n<\/div>\n<div class=\"art-layout-cell layout-item-1\" style=\"width: 33%;\">\n<h4>Accompagnement<\/h4>\n\n<p><span style=\"-webkit-border-vertical-spacing: 10px;\">De la conceptualisation du projet jusqu&rsquo;\u00e0 son aboutissement, nous sommes \u00e0 vos c\u00f4t\u00e9s.<\/span><\/p>\n<p><a class=\"art-button\" href=\"#\">En savoir plus<\/a><\/p>\n<\/div>\n<\/div>\n<\/div>\n<div class=\"art-content-layout layout-item-2\">\n<div class=\"art-content-layout-row\">\n<div class=\"art-layout-cell layout-item-3\" style=\"width: 50%;\">\n<h4>Nos\u00a0comp\u00e9tences<\/h4>\n<p>D\u00e9couvrez les atouts que nous mettons \u00e0 la disposition de votre succ\u00e8s.<\/p>\n<p><a class=\"art-button\" href=\"#\">En savoir plus<\/a><\/p>\n<\/div>\n<div class=\"art-layout-cell layout-item-3\" style=\"width: 50%;\">\n<h4>Qui sommes-nous ?<\/h4>\n<p>D\u00e9couvrez les forces du r\u00e9seau des partenaires \u00ab\u00a0Millenium\u00a0\u00bb qui vous donneront un positionnement strat\u00e9gique\u00a0sur le march\u00e9.<\/p>\n<p><a class=\"art-button\" href=\"#\">En savoir plus<\/a><\/p>\n<\/div>\n<\/div>\n<\/div>\n","protected":false},"excerpt":{"rendered":"<p>Missions Nous vous apportons notre savoir-faire dans le d\u00e9veloppement et la s\u00e9curisation de vos entreprises. En savoir plus Solutions Nous identifions les solutions techniques et technologiques pratiques qui facilitent la gestion de votre entreprise. En savoir plus Accompagnement De la conceptualisation du projet jusqu&rsquo;\u00e0 son aboutissement, nous sommes \u00e0 vos c\u00f4t\u00e9s. En savoir plus Nos\u00a0comp\u00e9tences [&hellip;]<\/p>\n","protected":false},"author":1,"featured_media":0,"parent":0,"menu_order":1,"comment_status":"closed","ping_status":"open","template":"","meta":[],"_links":{"self":[{"href":"https:\/\/milleniumconsult.net\/index.php?rest_route=\/wp\/v2\/pages\/14"}],"collection":[{"href":"https:\/\/milleniumconsult.net\/index.php?rest_route=\/wp\/v2\/pages"}],"about":[{"href":"https:\/\/milleniumconsult.net\/index.php?rest_route=\/wp\/v2\/types\/page"}],"author":[{"embeddable":true,"href":"https:\/\/milleniumconsult.net\/index.php?rest_route=\/wp\/v2\/users\/1"}],"replies":[{"embeddable":true,"href":"https:\/\/milleniumconsult.net\/index.php?rest_route=%2Fwp%2Fv2%2Fcomments&post=14"}],"version-history":[{"count":5,"href":"https:\/\/milleniumconsult.net\/index.php?rest_route=\/wp\/v2\/pages\/14\/revisions"}],"predecessor-version":[{"id":38,"href":"https:\/\/milleniumconsult.net\/index.php?rest_route=\/wp\/v2\/pages\/14\/revisions\/38"}],"wp:attachment":[{"href":"https:\/\/milleniumconsult.net\/index.php?rest_route=%2Fwp%2Fv2%2Fmedia&parent=14"}],"curies":[{"name":"wp","href":"https:\/\/api.w.org\/{rel}","templated":true}]}}